What are the prime factors of s?
3, 17
Suppose 200 = 5*f + 35. What are the prime factors of (-4)/(-3) - (-4873)/f?
149
Let z be 4/(-2) - -4*1. What are the prime factors of 98*z*4/16?
7
Suppose -3*k + 11*k = 0. Let u(g) be the second derivative of -g**3/3 + 14*g**2 - g. List the prime factors of u(k).
2, 7
Suppose -6 = -3*t + 9. Suppose 168 = t*c + 3*d, 2*c + 61 = 4*c - 5*d. List the prime factors of c.
3, 11
Suppose 24 = -4*r + 12. Let j = r + 6. Suppose 0 = -j*h + 9, -2*c + 82 = 3*c - h. List the prime factors of c.
17
Suppose -y = -5*y + 432. Suppose -4*g - 5*m = -y, 0*m + 5*m + 20 = 0. Suppose 3*a + 2*r = 4*r + g, 5*a + 3*r = 85. List the prime factors of a.
2, 7
Let d(h) = -20*h - 103. List the prime factors of d(-14).
3, 59
Let b = -17 - -18. Suppose 0 = o + l + b, 4*l - 3 + 2 = o. Let q(z) = -35*z + 1. What are the prime factors of q(o)?
2, 3
Let v(r) be the third derivative of r**6/120 - r**5/20 - r**4/8 - 7*r**3/6 - 10*r**2. Let w be v(5). Let g = w - -9. List the prime factors of g.
37
Let q(a) = a**3 + 11*a**2 + 4*a + 19. Let o = -82 + 74. List the prime factors of q(o).
179
Let i(v) = 5*v**2 + 2*v + 8. List the prime factors of i(-15).
1103
Suppose 3*x = 4*y - 5 - 4, 3*x - 3 = 0. What are the prime factors of (-3 + y + 6)/((-4)/(-12))?
2, 3
Let i(y) = 25*y**2 - 166*y - 27. List the prime factors of i(-11).
2, 3, 67
Let f(h) = -6*h**3 - 6*h**2 + 25*h + 102. List the prime factors of f(-5).
577
Suppose 3*h - 49 = -4. Suppose 10 = 5*i - h. Suppose -2*n - 266 = -6*n - 2*m, 4*n + i*m - 257 = 0. List the prime factors of n.
2, 17
Let l(f) = 3*f. Let s be l(1). Suppose 5*q - 4*q = s. Suppose 2*m - q*m + 24 = z, 0 = -z + 3*m + 4. List the prime factors of z.
19
Let b(u) = -14*u + 6152. List the prime factors of b(0).
2, 769
What are the prime factors of 3712 - 24/60*20?
2, 463
What are the prime factors of (-6 + 6 + -3)*(-416)/3?
2, 13
Let y be (-31*7)/(14/(-42)). What are the prime factors of 4/(-12) + y/9?
2, 3
Suppose 17*p = 2435 + 1679. Suppose j - u - 91 = -6*u, 2*j - p = 5*u. List the prime factors of j.
3, 37
Let h = 17 - 15. Suppose -h*a = 90 + 394. List the prime factors of (-8)/40 + a/(-10).
2, 3
Suppose 3*c - 4*t + 1 = -3*t, 3*c = -4*t - 26. List the prime factors of (-1)/((-2 + c)/84).
3, 7
Suppose -6*l = -3*l - 9. Suppose 0 = l*f + 10 - 160. List the prime factors of f.
2, 5
Let s be (-1 + 2)/((-3)/(-21)). Suppose -s*u + 69 = -120. What are the prime factors of u?
3
Let k(x) = -x**2 - 3*x - 6. Let c be k(-4). Let r be (-7 - -4)/(6/c). Suppose y = -3*g - 7 + 2, 0 = y + r*g + 13. List the prime factors of y.
7
Let h(y) = 3*y - 2. Let o be h(4). Let x be (-4)/10 + 184/o. List the prime factors of (-6)/9*-3 + x.
2, 5
Let b(i) = 95*i - 72. What are the prime factors of b(12)?
2, 3, 89
Let j = 92 - 89. Suppose 0 = 5*i - j*i - 172. What are the prime factors of i?
2, 43
Let l = 50 + -35. List the prime factors of l.
3, 5
Suppose 8 = 5*l - l. Suppose -5*f - c = 460, 3*f - 2*f = l*c - 81. Let v = -46 - f. List the prime factors of v.
3, 5
Let b be -12*(-3 + 7)/(-16). List the prime factors of (1/(-3))/(b/(-621)).
3, 23
Let j(i) = i**3 + 29*i**2 + 70*i + 28. What are the prime factors of j(-22)?
2, 7, 67
Let u(v) = 352*v**2 + 3*v + 4. Let m be u(-1). Let r = -206 + m. What are the prime factors of r?
3, 7
Suppose 6*m - 202 = 230. Let z = -39 + m. What are the prime factors of z?
3, 11
Let h be 2/3 + 20/(-30). Suppose 2*m = -h*m + 10. Suppose -3*b = -4 - m, -x - 1 = -b. What are the prime factors of x?
2
Let p(n) = 286*n - 134. List the prime factors of p(7).
2, 467
Let w = 70 + -39. Let s = w - 20. Let a = s + 7. What are the prime factors of a?
2, 3
Let j(g) = -g**3 + 7*g**2 - 7*g + 6. Let v be j(6). Suppose -4*y - 2*w + 98 = -v*w, 155 = 5*y - 4*w. What are the prime factors of y?
3
Let n(x) = -3*x + 9*x**3 - 2 - 8*x**2 + 4*x + 5*x - 10*x**3. List the prime factors of n(-9).
5
Suppose 0 = 2*x - 4*x - 6, -3*x - 1547 = -2*r. List the prime factors of r.
769
Let b = 8 + 68. Let a = -53 + b. What are the prime factors of a?
23
Let a(s) = -s + 10. Let m be a(10). Suppose m = 4*k - 16, 2*h - 6*h + 140 = -5*k. What are the prime factors of h?
2, 5
Suppose z - 4*s = 2*z + 4, -3*s - 10 = -z. Let x = -4 - -4. Suppose -4*c = -5*r, z*r - 2*r - 3*c + 7 = x. List the prime factors of r.
2
Let r be (-15)/((-15)/(-3)) + 8. Suppose -r*s + n = -238, 42 = s + n - 8. What are the prime factors of s?
2, 3
Suppose -c + l + 2 + 17 = 0, 2*c - 5*l = 44. Suppose -5*w + 168 + c = 0. List the prime factors of w.
37
What are the prime factors of (-819)/(-6)*(-4)/(-6)?
7, 13
Let r be 4 + 75/(-20) + 830/8. Suppose 0 = 6*m - m - b - 156, 2*b = -3*m + r. List the prime factors of m.
2
Suppose -2*u + 66 = u. Suppose -8*w + 10*w = u. List the prime factors of w.
11
Suppose 0 = 3*p - 849 - 54. What are the prime factors of p?
7, 43
Let w be 9513/56 + 1/8. Let c = 335 - w. List the prime factors of c.
3, 5, 11
Suppose 2*d + 2492 = 9*d. Suppose 8*q - 4*q = d. What are the prime factors of q?
89
Let p = -300 + 534. Suppose 27*l - p = 24*l. List the prime factors of l.
2, 3, 13
Let w = -2597 - -3734. What are the prime factors of w?
3, 379
Let b = 404 - 168. What are the prime factors of b?
2, 59
Let z(y) = 3 + 19 + 4*y - 2*y - 3*y. What are the prime factors of z(20)?
2
What are the prime factors of -5*(4/(-16) + 486/(-8))?
5, 61
Let c(z) = z**3 + 6*z**2 + 6*z - 4. Let w be c(-3). Suppose 618 - 58 = w*t + 5*y, -t + 108 = -3*y. List the prime factors of t.
3, 37
Suppose -21*k = -18*k - 1068. Suppose -6*z + 622 + k = 0. What are the prime factors of z?
163
Suppose 5*q = -f + 346, 3*f = -f + 4. Suppose -c + 2*d + q = -0*d, 2*d - 57 = -c. List the prime factors of c.
3, 7
Let r be -6*4/(-24)*2. Suppose 7*u - 5*u = r. What are the prime factors of u/((32/(-84))/(-8))?
3, 7
Suppose -4*a - 5*j + 4480 = 0, 7*j - 2*j = a - 1120. What are the prime factors of a?
2, 5, 7
Suppose -g = -6*g + 10. Let b be (-40)/(-2) - (g - 1). Suppose q - b = -5. List the prime factors of q.
2, 7
List the prime factors of (-240)/(-160)*(1480/6 - 2).
367
Suppose 4*s = -t + 39, 2*t - 66 = -0*t + 4*s. Suppose t = u - 22. List the prime factors of u.
3, 19
Let r = -33 - -37. Suppose -69 = -r*c - 5*w, -2*c + 3*w = 3*c - 114. What are the prime factors of c?
3, 7
Suppose -267 = -40*p + 37*p. Let o(f) = -5*f**2 + 4*f + 5. Let m be o(4). Let a = m + p. What are the prime factors of a?
2, 3, 5
Suppose -5 = -3*g - t, -3*t = 5*g - 5*t - 1. Let o = 1 + g. Suppose o*m - m + 5 = 0, h - 29 = -4*m. What are the prime factors of h?
7
Suppose 3*r - 7195 = 2012. What are the prime factors of r?
3, 11, 31
Let s(h) be the third derivative of -1/2*h**3 + 13*h**2 + 0 + 0*h - 1/60*h**5 + 1/2*h**4. List the prime factors of s(6).
3, 11
Let z be (9/12)/(2/8). Suppose -z*a = -i + 88, 3*i + 4*a - 294 = 22. What are the prime factors of i?
2, 5
Let m(s) = 52*s**2 - 11*s + 1. List the prime factors of m(4).
3, 263
Let v(a) be the first derivative of -a**3/3 - 10*a**2 + 16*a + 10. List the prime factors of v(-20).
2
Let p be (-9)/(-15) + (-4)/(-10). List the prime factors of p/4 - 536/(-32).
17
Let z(v) = 402*v - 741. List the prime factors of z(12).
3, 1361
Suppose 66 = -5*a + m, 3*m - 6 - 10 = 2*a. Let v = a - -54. Suppose 48 + v = 4*c. What are the prime factors of c?
2, 11
Suppose -2*k + 2224 = -a, -5*a - 1093 + 6668 = 5*k. What are the prime factors of k?
3, 7, 53
Let a(l) = l**3 + 31*l**2 + 7*l + 29. What are the prime factors of a(-30)?
719
Suppose 2 + 3 = 5*l. Let x be (l - 6/3)*-2. Suppose 7*s - x*s - 120 = 0. List the prime factors of s.
2, 3
What are the prime factors of (131399/(-161) - -8)/((-2)/14)?
5657
Let k be (-1)/2 - (-90)/36. Suppose 4*n = 3*n + 3*d - 7, 0 = -5*n - k*d + 16. Suppose -6*l + n*l = -192. List the prime factors of l.
2, 3
Suppose 505 + 3665 = 6*m. List the prime factors of m.
5, 139
Suppose -j - 3*z + 498 = 0, 0 = -3*j + 4*z + 2067 - 547. What are the prime factors of j?
2, 3, 7
Let b(x) = 28*x**2 - x - 16. What are the prime factors of b(-5)?
13, 53
Let n be (1 - 118/4)/((-3)/6). Let w = n - 21. List the prime factors of w.
2, 3
Suppose 43*d - 40*d = 15. Suppose d*y = 25, -5*c + 3*y + 102 = -323. List the prime factors of c.
2, 11
Suppose 4*q = 2 + 6. Let i(h) = 2*h**2 - 2*h + 2. Let n be i(q).